 Let k be d(5). Suppose 5*p = 3 + 22, 0 = -k*h + 4*p + 4447. What is the units digit of h?
9
Suppose -2283 = -10*y + 4527. Let q = y - 359. Let h = q + -229. What is the tens digit of h?
9
Let y(z) = 83*z**2 - 6*z + 5. Suppose -4 = 5*x - 9. Let r be y(x). Suppose 83*g - 16 = r*g. What is the tens digit of g?
1
Let z be -284*((-24)/16 + -6). Suppose 86 = 8*x - z. What is the units digit of x?
7
Suppose w = -5*w - 42. Let i = 12 + w. What is the units digit of (1 - (-9)/1) + (4 - i)?
9
Suppose -m + 1316 = 128. Suppose 0 = 7*k - 3*k + m. Let i = -186 - k. What is the hundreds digit of i?
1
Suppose -2*v + 3 = 1. Suppose 21*l - 16*l = -14*l - 57. What is the tens digit of (-4*v/l)/(4/258)?
8
Suppose 915 = 3*r - 5*n, 6*r + 4*n + 1512 = 11*r. Suppose 0 = 2*w - 16. Suppose w*l = 4*l + r. What is the units digit of l?
5
Suppose 0 = 3*y - 4*o - 48935, 13*o = -7*y + 16*o + 114226. What is the ten thousands digit of y?
1
Suppose -13198 = -17*v + 83039. Suppose -6*w - 171 = -v. What is the units digit of w?
5
Let h = 1703 - 582. Suppose 5*t = -4*f + h, 3*t - 138 = 2*f + 539. Suppose -3*g + t = y - 4, 4*g + y - 306 = 0. What is the units digit of g?
7
Suppose -670*q - 172197 = -3*x - 666*q, -q - 114798 = -2*x. What is the hundreds digit of x?
3
Let s be 465630/70 - 3/(-21). Suppose 18*g - s = 9260. What is the tens digit of g?
8
Suppose -14*t + 10*t + 76 = 0. Suppose -t*k = -6113 - 290. What is the tens digit of k?
3
Let t(b) = 131*b - 1598. What is the hundreds digit of t(66)?
0
Let x = -364 - -367. Suppose 2*m = x*c + 763, -3*m + 860 = 3*c - 277. What is the units digit of m?
0
Let x = -72 + 75. Suppose -q = -x - 137. Suppose 2*m - 105 = -g, g - q = m + 4*m. What is the hundreds digit of g?
1
Let i(a) = 12*a**2 + 53*a - 953. What is the thousands digit of i(-41)?
7
Suppose -1607 - 6299 = -l + 1376. What is the hundreds digit of l?
2
Suppose 5*n + 5*l - 693 = 4*n, 3*n - 2079 = -2*l. Let h = -481 + n. What is the units digit of h?
2
Let d be 107 - (-4 - 3 - -5). Suppose 2*g - d - 568 = 5*l, -5*g = 5*l - 1640. What is the hundreds digit of g?
3
Let o = 15019 - 839. What is the ten thousands digit of o?
1
Let g be 105 - (5 - (-3 - -4)*1). Suppose 0 = -14*l - g + 899. What is the units digit of l?
7
Let m = 15691 - -5050. What is the thousands digit of m?
0
Let r(s) = 219*s**2 - 8*s + 31. Let u be r(6). Suppose -31*c - 1419 = -u. What is the tens digit of c?
0
Suppose 4*k + 165*b - 169*b - 68440 = 0, -4*b + 36 = 0. What is the thousands digit of k?
7
Let w(u) = 84*u**3 - 32*u**2 - 6*u - 1. Let z be w(-4). What is the hundreds digit of (4/(-1) - -2)/(10/z)?
1
Suppose 3*t - 4392 = -l, -2*t + 1647 = -2*l - 1273. What is the tens digit of t?
6
Let f = 77173 - 27201. What is the units digit of f?
2
Let q = -403 + -329. Let t = -235 - q. What is the tens digit of t?
9
Suppose 12*t = 15*t - 51. Suppose -t*p + 11*p = -144. Suppose 0 = 4*u - 64 - p. What is the units digit of u?
2
Let v(d) = -12*d**2 - 595*d + 37. What is the units digit of v(-48)?
9
Suppose 0 = l + 8 - 3. Let a be (-1749)/(-24) - 2/(-16). Let j = l + a. What is the tens digit of j?
6
Let j = -31 + -22. Let s = 58 + j. Suppose 862 = s*b + 7. What is the tens digit of b?
7
Suppose 208*x - 209*x + 132917 = 4*w, 0 = -5*w - 4*x + 166127. What is the tens digit of w?
3
Let n = -4244 - -7694. Suppose -5*m + z = -4302, 2*m + 2*m - n = -2*z. What is the hundreds digit of m?
8
Let z(c) = c**3 + 51*c**2 - 25*c - 20. What is the units digit of z(-43)?
7
Let s(z) = -9*z - 14. Let k be s(-2). Suppose 0 = k*o - 154 - 10. What is the units digit of o?
1
Let s be 1/((-6)/((-60)/5)). Suppose -3*q = -q + u - 543, 2*q + s*u - 548 = 0. What is the hundreds digit of q?
2
Let p(b) = -2*b**2 - 27*b - 31. Let w be p(-11). What is the hundreds digit of (-3*4/w)/((-2)/1360)?
3
Suppose -11353 = 105*k - 42433. What is the tens digit of k?
9
Let f(w) = w**3 - 126*w**2 + 35*w + 570. What is the units digit of f(126)?
0
Let i(r) = -r**2 - 2*r + 437. Let x be i(0). Let b be -13 + x - (1 - 2). Suppose -4*y - y = -b. What is the units digit of y?
5
Let x = 19769 - 6534. What is the hundreds digit of x?
2
Let d(s) = -115*s + 3357. What is the tens digit of d(-131)?
2
Let g(o) = -5*o. Let a be g(-3). Let w(x) = x**2 - 25*x + 5. Let i be w(25). Suppose -i*q = a, -t + 207 = 4*t - 4*q. What is the tens digit of t?
3
Let q be -4 + 3*(3 - 4). Let r = -2 + q. What is the tens digit of -3*1 + r/((-54)/1668)?
7
Suppose -3*y - 104 = 4*a + 319, 3*a - 539 = 4*y. Let q = -132 - y. Suppose -q*i = 4*o - 748, 3*i + o = 6*i - 459. What is the hundreds digit of i?
1
Let l(y) = -y**3 - 10*y**2 - 31*y + 26. Suppose 192 = -22*g - 28. What is the units digit of l(g)?
6
Let c = 134 + -138. What is the units digit of 24 + (-2)/(-8)*c?
3
Suppose -2*u - 64 = 18. Suppose 2*x + 220 = -5*b + 44, 5*b - 156 = 2*x. Let s = u - x. What is the tens digit of s?
4
What is the tens digit of (31*51)/(-93*10/135 - -7)?
2
What is the tens digit of ((-8365)/(-105))/((-912)/306 - -3)?
6
Let v = -53 - -58. Let n be (-38)/(-4) - (27/(-6) + v). Suppose -11*c + 138 = -n*c. What is the tens digit of c?
6
Let u(a) be the third derivative of a**5/12 - 9*a**4/8 + 61*a**3/6 - a**2 - 32*a. What is the units digit of u(12)?
7
Let b(o) = -247*o - 76. Let i be b(-3). Let u = i - -503. What is the hundreds digit of u?
1
Let k be 3720/105 + 3/(-7). What is the tens digit of ((-44)/(-10))/(k/1575)?
9
Let b = -47 + -31. Let v be (-26418)/(-182) + 4/(-26). Let h = b + v. What is the units digit of h?
7
Suppose -21 - 5 = -13*c. Let m(q) = -27*q + 42 + 20*q + 9*q - q**3 + 25*q**c. What is the tens digit of m(25)?
9
Let h be -2 + (-4 - -2) - -486. Suppose 5*s = 3*s + h. Suppose -4*y + s = 5*x, -4*y + 221 = 2*x - x. What is the tens digit of y?
5
Let h(z) = -37*z**3 - 8*z**2 - 70*z - 47. What is the ten thousands digit of h(-7)?
1
Suppose -26*j - 2469 + 89475 + 38262 = 0. What is the units digit of j?
8
Let h be (5/4 - 0)/((-68)/(-272)). Suppose 0 = -5*x + 4*j + 1540, -h*x + 498 + 997 = 5*j. What is the tens digit of x?
0
Suppose 3*l + 20 - 26 = 0. What is the hundreds digit of (l + -2)*4/(-8) + 232?
2
Suppose -m - 29507 = -10*m + 73282. What is the tens digit of m?
2
Let r = -503 - -511. What is the hundreds digit of 1/(r/4137) - 2/16?
5
Suppose 2*b = 5*i + 26, -3*b - 12 = -7*b. Let j be (-1)/12*i + (-16)/12. Let u(g) = 82*g**2 - 2*g - 3. What is the tens digit of u(j)?
8
Suppose -3*z + 6960 = -h, 663 = -z + 5*h + 2997. What is the units digit of z?
9
Let r(t) = -t**3 + 6*t**2 + 6*t - 11. Let c be r(7). Let s be (-86)/c - (-18)/81. Suppose 64 = s*g - 3*g. What is the tens digit of g?
3
Suppose -5*m = -2038 - 1122. Suppose -237 = 11*z + m. Let b = -37 - z. What is the tens digit of b?
4
Let l(y) = -y**3 + 9*y**2 + 9*y + 11. Let v be l(10). Let c be -1 + 7*1/v. Let a = 34 - c. What is the units digit of a?
8
Let j = -353 - -558. Suppose 188*i - j*i = -20349. What is the hundreds digit of i?
1
Let h(b) = 156*b**2 + 21*b - 543. What is the hundreds digit of h(10)?
2
Let d be (-72)/(-42) + (-4)/(-14). Suppose 3*c + 5 = f, 5 = d*c + 3*f - 10. Suppose 4*x + 3*w = -1, x + 3*w - 2*w + 1 = c. What is the units digit of x?
2
Let o(d) = 1174*d**2 - 3*d. Let g be o(2). Suppose -32*p = -25*p - g. Suppose 23 + p = 3*m. What is the tens digit of m?
3
Suppose 79*k - 111502 = -17966. What is the hundreds digit of k?
1
Suppose 0 = 2*z - 4*d - 20, -d = -3*z + 2*d + 15. Let v be -5 + 14/(-105) + 1046/(-30). What is the units digit of (z - 6)/((v/75)/8)?
0
Suppose 0*z + 2*w = -2*z + 10, -w + 5 = -4*z. Suppose d - 4*k - 192 = z, 6*d + 3*k = 4*d + 340. What is the hundreds digit of d?
1
Let c(o) = 94*o**2 + 22*o - 72. What is the hundreds digit of c(8)?
1
Let n(f) = 17*f**2 - 68*f - 1266. What is the tens digit of n(43)?
4
What is the tens digit of ((-8)/(-6) + 6 + 329/(-42))*-6394?
9
Let s(v) = -17 + v**2 - 27 - v + 50 - 19*v. Let g be s(16). Let y = 152 + g. What is the tens digit of y?
9
Let k be 98/(-12) - (-4)/24. What is the hundreds digit of (-14)/k*996/3?
5
Suppose 0 = 12*y - 1613 + 161. Suppose 3*s - 2*r - y = 235, 0 = -3*s - r + 344. What is the tens digit of s?
1
Suppose -5*n - 209 = 876. Suppose -7*w + 2471 = 245. Let k = w + n. What is the tens digit of k?
0
Let p(y) = y**3 - 15*y**2 - 15*y + 22. Let z b